(-93)/n) + (-4552)/(-36). What is the highest common divisor of b and 2?
2
Let h(p) = p**2 + 53*p - 1978. Let l be h(-85). What is the greatest common factor of 154 and l?
14
Suppose 7*l = 12*l + 35. Let o = -9 - l. Let i be 127 + -1 - (o - (0 + 0)). What is the highest common factor of i and 32?
32
Let y be (0 - -3) + (10 - 10). Let t be y - 1/(-1 - 99/(-102)). What is the highest common factor of 333 and t?
37
Let g be 126/4*((-4)/14 - 1652/(-294)). Calculate the greatest common divisor of g and 156.
12
Let y = 11 - 11. Suppose -4*c - 4 + y = 0, -3*q + 3 = 3*c. Let o be 2 - (q/13 + 264/(-26)). Calculate the highest common divisor of 300 and o.
12
Let j(k) = k - 1. Let v be j(-5). Let q be (-135)/v*(-8)/(-3). Suppose -64*l - 12 = -1292. Calculate the highest common divisor of l and q.
20
Suppose -26*x + 60*x - 2554 + 854 = 0. Let y(o) = -6*o**2 + 2*o. Let f be y(2). Let n be (0 - -3)*f/(-3). Calculate the highest common divisor of x and n.
10
Suppose -3*t + 72 + 18 = 0. Suppose -4*y + 500 = -2*h, 625 = 5*y - 2*h - 3*h. Let o = -110 + y. What is the greatest common factor of t and o?
15
Suppose -3*g + 9*z = 5*z - 120, 2*z = -6. Suppose -q + g = q. What is the highest common factor of q and 63?
9
Suppose -2*y + 181 = 5*r, 52*r = -y + 50*r + 94. What is the greatest common factor of y and 207?
9
Let u be ((-4)/(60/117))/(-2 + 4436/2220). What is the greatest common factor of u and 117?
117
Let j = -5 - -5. Suppose j = -4*r + 134 + 94. Suppose -3*t = n - 22, 11*t = n + 7*t - 15. What is the highest common factor of r and n?
19
Let u be (-402)/737 + (1 - 2866/(-11)). What is the highest common divisor of 3393 and u?
261
Let b(m) = -m + 8. Let w be b(4). Suppose 787*q - 784*q - 192 = 0. Suppose -w*n - c - 7 = -q, 0 = -3*n + c + 41. What is the highest common factor of n and 21?
7
Suppose 7*l + 49 = -21. Let d be 2*((-65)/l + -4). Suppose 72 = d*b + 2. Calculate the greatest common divisor of 126 and b.
14
Let c(p) be the first derivative of 5*p**2 - 17*p - 244. Let a be c(6). Calculate the highest common divisor of 301 and a.
43
Let i = 3579 - 3554. What is the greatest common divisor of i and 8275?
25
Suppose 5*y + 0*y = -4*m + 2881, -2*m - 579 = -y. Let z be (-8 - -221) + 6 + 8. Suppose -y = -7*i - z. What is the greatest common divisor of 25 and i?
25
Let i = 150737 + -150715. Suppose -2*j = 5*a - 44, 0 = 5*j + 2*a + 3*a - 110. What is the highest common divisor of i and j?
22
Let v be (5 - 13) + 17 - -3. Suppose 0 = w - 16*k + v*k - 81, -w + 5*k + 82 = 0. What is the greatest common factor of w and 385?
77
Suppose 0 = 3*f + 53 - 32, -4 = 5*j + 2*f. What is the highest common divisor of j and 2926?
2
Suppose 6*i - 4*i = 18. Let y = -51 + 78. Calculate the greatest common factor of i and y.
9
Let x(j) = 2*j**3 - 2*j**2 + 5*j - 2. Let b be x(3). Let v(l) = 17*l + 20*l + 37 - 35*l. Let k be v(-15). What is the greatest common divisor of b and k?
7
Let d be 1*(0 - 1)*-26. Let m(o) = o**2 + 1546*o - 351145. Let k be m(201). What is the highest common divisor of d and k?
2
Suppose -628*a = -551*a - 19019. Let b = -21 - -33. Let u = 1 + b. What is the greatest common factor of a and u?
13
Let m(x) = 174*x**2 + x + 15. Let k be m(-4). Let g be k/20 + 5/20. Let d = -9 - -23. Calculate the highest common factor of d and g.
14
Suppose -3 = 3*z - 6. Let l = -9849 - -9869. Let u be z/4 + -117*(-15)/l. What is the highest common factor of u and 22?
22
Let z(t) = -4*t**2 - 8*t - 4 + 2*t - 3*t**2 + t**3 + 9. Let i be z(8). Suppose -813 - 27 = -8*q. Calculate the greatest common factor of q and i.
21
Suppose -17*q = -4*q - 5*q - 3744. Suppose -14 = -3*b + 13. Calculate the highest common factor of q and b.
9
Let k be 2 - (-65 + 1 + 1). Let g be (-12)/(-66) - ((-1017)/33 - -5). What is the greatest common factor of k and g?
13
Let k = -431 + 634. Let f = -677922 - -677980. What is the greatest common factor of f and k?
29
Suppose 0 = -69*z + 72*z - 828. What is the greatest common factor of z and 115?
23
Let g = -5376 - -8074. What is the highest common divisor of 71 and g?
71
Suppose 15*m = 14*m + 12. Let n(h) = 12*h**2 - 2*h - 2. Let g be n(2). Suppose -m - g = -q. What is the greatest common factor of 6 and q?
6
Let h(t) = -17*t - 13. Let a be h(-4). Let w = 24 - -16. Let u = 51 - w. What is the greatest common divisor of a and u?
11
Suppose -226 = 3*u - 913. Suppose -5*d + 3*o + 43 = 622, 0 = 4*d - o + 466. Let a = u + d. What is the highest common divisor of 14 and a?
14
Let p be (3/(-6))/((-230)/460). Calculate the highest common divisor of 137 and p.
1
Suppose 4*n = -5*h + 7547 + 3383, 0 = -5*n - 5*h + 13665. Suppose 29*t = 24*t + 5*i + 2780, -4*i + n = 5*t. Calculate the highest common factor of t and 58.
29
Let i be (-36)/16*3580/(-15). What is the greatest common divisor of 6 and i?
3
Let q(i) = i**3 - 8*i**2 - 27*i - 38. Let z be q(11). Let r be 6/(3 - 38/14). What is the greatest common factor of r and z?
7
Let m(b) = -b**3 + 26*b**2 - 152*b - 72. Let l be m(16). Let n be (6/(-15))/((-1)/70). Calculate the greatest common factor of n and l.
28
Suppose -4*l + 3120 = -14*l. Let i be (l/60)/(1/(-15)). Calculate the greatest common divisor of 52 and i.
26
Let h be ((-512)/2)/(-1 - -2). Suppose a - 1930 = -5*j + 5*a, -j + 2*a + 386 = 0. Let w = h + j. What is the highest common divisor of w and 26?
26
Let r = -418 + 404. Let u be 3670/26 + r/(-91)*-1. What is the highest common divisor of u and 235?
47
Let w be (-2)/(-5) + (-2692)/(-20). Let u be ((-372)/(-992))/((-87)/(-280) + (-2)/7). What is the greatest common factor of w and u?
15
Suppose 0 = 94*u - 37*u - 3078. What is the highest common divisor of u and 58?
2
Suppose -24 = -49*r + 45*r. Suppose r = t + 3. Suppose c - 4*b = b + 57, -2*c = t*b - 49. Calculate the greatest common factor of 288 and c.
32
Let k = 154 + -99. Suppose -821 = -3*z - f, 8*f = -5*z + 3*f + 1355. What is the greatest common factor of z and k?
55
Suppose -3*m - 3*c = -2*c - 51, 2*m - 4*c - 34 = 0. Let q be 4*3 - (-5)/15*-12. Suppose u = -q*u + 306. Calculate the highest common divisor of u and m.
17
Suppose 22*k - 25*k = -135. Let g be (-4)/(-30) + 3/k*3373. What is the greatest common factor of 25 and g?
25
Suppose 4*z - 20 = -4*s, 3*s + 5 = 5*z - 12. Suppose -a - z = 4. Let c(r) = r**2 + r - 7. Let h be c(a). Calculate the highest common divisor of 539 and h.
49
Let k be 12/((-1)/6 + 0). Let y(m) = -3*m**2 + 232*m + 1148. Let g be y(-5). Let p = k - g. What is the greatest common factor of p and 60?
15
Let l be 28/6*4*(-3)/(-8). Let a = 47 + 2. What is the greatest common divisor of l and a?
7
Suppose r = -5*u, -68*r + 5*u = -66*r. Suppose -21*h + 12*h + 135 = r. What is the highest common factor of 21 and h?
3
Suppose -6*i - 4 = 26. Let a be 1/5 + i*498/(-50). What is the greatest common divisor of 25 and a?
25
Suppose 0 = 5*k + 3*n - 4650 + 963, 3*k + 2*n - 2211 = 0. Calculate the highest common factor of 273 and k.
39
Suppose 150*n - 557*n + 856735 = 0. Calculate the greatest common divisor of n and 5.
5
Suppose 0 = -2*m + 2*d + 4920, 68*m = 72*m - d - 9822. Calculate the greatest common divisor of 6 and m.
6
Suppose 10*c = 6*c + 4*z - 104, 3*z = c + 30. Let r be (c/5)/(0 + (-16)/40). What is the highest common factor of r and 12?
12
Suppose 241 = 29*o - 41 - 269. What is the greatest common factor of 209 and o?
19
Let a(c) = 7*c - 12. Let y = -61 + 67. Let f be a(y). Suppose -n + 15 = -f. Calculate the greatest common divisor of 5 and n.
5
Let w = -219 - -223. Suppose -2*x + 4*n - 42 = -w*x, -3*x = 3*n - 63. Calculate the greatest common factor of 861 and x.
21
Let i(y) = y + 2. Let q be i(5). Suppose -1134 = 242*a - 248*a. Calculate the highest common divisor of a and q.
7
Let d be (-10)/((-35)/77 + ((-120)/(-44))/(-5)). Let l(h) = 31*h - 3. Let x be (-4)/14 - (-46)/14. Let f be l(x). What is the highest common factor of f and d?
10
Suppose -14*j = 35*j - 362796. What is the greatest common divisor of j and 12?
12
Suppose -4*x + o - 168 = 0, 0*x + 3*x + 119 = -o. Let h = 50 + x. Let n(p) = -35*p + 1. Let g be n(-1). What is the highest common divisor of h and g?
9
Suppose 4*n + 2478 = 10*n. Suppose -707 - n = -20*b. What is the highest common factor of b and 24?
8
Let w be 196 + -191 + 1*(-22)/(-2). What is the highe